s of 768.
2, 3
What are the prime factors of 858?
2, 3, 11, 13
List the prime factors of 430.
2, 5, 43
List the prime factors of 1470.
2, 3, 5, 7
What are the prime factors of 1237?
1237
List the prime factors of 56006.
2, 41, 683
List the prime factors of 3207.
3, 1069
List the prime factors of 10165.
5, 19, 107
What are the prime factors of 7324?
2, 1831
List the prime factors of 6249.
3, 2083
List the prime factors of 13679.
13679
List the prime factors of 437.
19, 23
What are the prime factors of 14417?
13, 1109
List the prime factors of 5025.
3, 5, 67
List the prime factors of 4104.
2, 3, 19
List the prime factors of 1021.
1021
What are the prime factors of 8020?
2, 5, 401
List the prime factors of 14899.
47, 317
List the prime factors of 13274.
2, 6637
What are the prime factors of 56393?
56393
List the prime factors of 23813.
23813
List the prime factors of 4776.
2, 3, 199
What are the prime factors of 2542?
2, 31, 41
List the prime factors of 843.
3, 281
List the prime factors of 71741.
71741
List the prime factors of 199937.
17, 19, 619
List the prime factors of 7610.
2, 5, 761
What are the prime factors of 5899?
17, 347
What are the prime factors of 12503?
12503
List the prime factors of 592.
2, 37
List the prime factors of 11588.
2, 2897
List the prime factors of 726.
2, 3, 11
List the prime factors of 10802.
2, 11, 491
What are the prime factors of 4233?
3, 17, 83
List the prime factors of 1545.
3, 5, 103
What are the prime factors of 37186?
2, 18593
What are the prime factors of 366?
2, 3, 61
What are the prime factors of 3565?
5, 23, 31
List the prime factors of 7643.
7643
List the prime factors of 1130.
2, 5, 113
List the prime factors of 5398.
2, 2699
List the prime factors of 861.
3, 7, 41
What are the prime factors of 11661?
3, 13, 23
What are the prime factors of 6654?
2, 3, 1109
List the prime factors of 22469.
22469
List the prime factors of 6365.
5, 19, 67
What are the prime factors of 1501?
19, 79
What are the prime factors of 1939?
7, 277
What are the prime factors of 62336?
2, 487
List the prime factors of 1152.
2, 3
What are the prime factors of 1076?
2, 269
What are the prime factors of 31723?
31723
What are the prime factors of 157?
157
List the prime factors of 593.
593
What are the prime factors of 234?
2, 3, 13
List the prime factors of 113508.
2, 3, 1051
What are the prime factors of 25635?
3, 5, 1709
List the prime factors of 16799.
107, 157
List the prime factors of 1160.
2, 5, 29
List the prime factors of 13748.
2, 7, 491
What are the prime factors of 8719?
8719
What are the prime factors of 32874?
2, 3, 5479
What are the prime factors of 6390?
2, 3, 5, 71
What are the prime factors of 703?
19, 37
What are the prime factors of 20854?
2, 10427
What are the prime factors of 24012?
2, 3, 23, 29
List the prime factors of 2011.
2011
List the prime factors of 1845.
3, 5, 41
What are the prime factors of 48051?
3, 19, 281
What are the prime factors of 80530?
2, 5, 8053
What are the prime factors of 3007?
31, 97
List the prime factors of 16719.
3, 5573
What are the prime factors of 109951?
43, 2557
What are the prime factors of 5943?
3, 7, 283
List the prime factors of 709.
709
What are the prime factors of 1355?
5, 271
What are the prime factors of 107619?
3, 29, 1237
List the prime factors of 53089.
53089
List the prime factors of 62188.
2, 7, 2221
What are the prime factors of 1097?
1097
List the prime factors of 2362.
2, 1181
What are the prime factors of 3074?
2, 29, 53
List the prime factors of 70881.
3, 23627
What are the prime factors of 6674?
2, 47, 71
List the prime factors of 3964.
2, 991
What are the prime factors of 88?
2, 11
List the prime factors of 28444.
2, 13, 547
List the prime factors of 32081.
7, 4583
What are the prime factors of 206302?
2, 19, 61, 89
What are the prime factors of 53276?
2, 19, 701
List the prime factors of 1163.
1163
List the prime factors of 7212.
2, 3, 601
What are the prime factors of 1203?
3, 401
List the prime factors of 10913.
7, 1559
What are the prime factors of 3458?
2, 7, 13, 19
List the prime factors of 16337.
17, 31
List the prime factors of 17507.
7, 41, 61
What are the prime factors of 55843?
55843
What are the prime factors of 1748?
2, 19, 23
What are the prime factors of 630?
2, 3, 5, 7
List the prime factors of 8830.
2, 5, 883
What are the prime factors of 1034?
2, 11, 47
List the prime factors of 2507.
23, 109
What are the prime factors of 19834?
2, 47, 211
What are the prime factors of 8395?
5, 23, 73
List the prime factors of 2578.
2, 1289
List the prime factors of 1349.
19, 71
List the prime factors of 1588.
2, 397
What are the prime factors of 4205?
5, 29
List the prime factors of 12929.
7, 1847
What are the prime factors of 675?
3, 5
What are the prime factors of 14342?
2, 71, 101
List the prime factors of 2512.
2, 157
List the prime factors of 1077.
3, 359
List the prime factors of 11529.
3, 7, 61
List the prime factors of 1761.
3, 587
List the prime factors of 1424.
2, 89
What are the prime factors of 3354?
2, 3, 13, 43
List the prime factors of 213.
3, 71
What are the prime factors of 5048?
2, 631
What are the prime factors of 6683?
41, 163
List the prime factors of 3936.
2, 3, 41
List the prime factors of 586.
2, 293
List the prime factors of 1308.
2, 3, 109
List the prime factors of 27840.
2, 3, 5, 29
List the prime factors of 85325.
5, 3413
What are the prime factors of 844?
2, 211
What are the prime factors of 593?
593
List the prime factors of 35463.
3, 11821
List the prime factors of 14628.
2, 3, 23, 53
What are the prime factors of 719?
719
List the prime factors of 7237.
7237
List the prime factors of 19725.
3, 5, 263
What are the prime factors of 4513?
4513
List the prime factors of 27762.
2, 3, 7, 661
List the prime factors of 7871.
17, 463
What are the prime factors of 2407?
29, 83
What are the prime factors of 3608?
2, 11, 41
List the prime factors of 1619.
1619
List the prime factors of 1049.
1049
List the prime factors of 1100.
2, 5, 11
List the prime factors of 17052.
2, 3, 7, 29
What are the prime factors of 827?
827
List the prime factors of 110140.
2, 5, 5507
List the prime factors of 309.
3, 103
List the prime factors of 27941.
27941
List the prime factors of 778.
2, 389
List the prime factors of 1554.
2, 3, 7, 37
What are the prime factors of 25605?
3, 5, 569
What are the prime factors of 60792?
2, 3, 17, 149
List the prime factors of 47394.
2, 3, 2633
What are the prime factors of 4874?
2, 2437
What are the prime factors of 1299?
3, 433
What are the prime factors of 28942?
2, 29, 499
What are the prime factors of 11585?
5, 7, 331
What are the prime factors of 9482?
2, 11, 431
What are the prime factors of 129291?
3, 71, 607
List the prime factors of 121790.
2, 5, 19, 641
What are the prime factors of 7653?
3, 2551
List the prime factors of 1804.
2, 11, 41
List the prime factors of 110308.
2, 11, 23, 109
List the prime factors of 3032.
2, 379
What are the prime factors of 1575?
3, 5, 7
What are the prime factors of 58822?
2, 29411
List the prime factors of 3150.
2, 3, 5, 7
What are the prime factors of 4925?
5, 197
List the prime factors of 14662.
2, 7331
What are the prime factors of 47379?
3, 17, 929
What are the prime factors of 389?
389
What are the prime factors of 60207?
3, 7, 47, 61
What are the prime factors of 29160?
2, 3, 5
What are the prime factors of 597?
3, 199
What are the prime factors of 801?
3, 89
List the prime factors of 547.
547
List the prime factors of 9059.
9059
List the prime factors of 1378.
2, 13, 53
What are the prime factors of 81366?
2, 3, 71, 191
List the prime factors of 25321.
25321
What are the prime factors of 12863?
19, 677
List the prime factors of 1833.
3, 13, 47
What are the prime factors of 24388?
2, 7, 13, 67
What are the prime factors of 16658?
2, 8329
What are the prime factors of 24352?
2, 761
List the prime factors of 1589.
7, 227
List the prime factors of 1941.
3, 647
What are the prime factors of 49121?
49121
List the prime factors of 1349.
19, 71
What are the prime factors of 2722?
2, 1361
List the prime factors of 831.
3, 277
What are the prime factors of 3688?
2, 461
List the prime factors of 56501.
56501
What are the prime factors of 752?
2, 47
List the prime factors of 1617.
3